se 15
-660
What is -82 (base 10) in base 12?
-6a
66cb (base 15) to base 9
32802
Convert -1021220111 (base 3) to base 11.
-18134
-40b (base 15) to base 4
-32033
4720a (base 11) to base 14
1ab89
-13122 (base 6) to base 11
-1553
What is 2253 (base 6) in base 2?
1000011001
What is 22bc (base 13) in base 5?
124022
What is 1103111 (base 4) in base 13?
2573
591 (base 11) to base 12
4a9
What is 2000221 (base 5) in base 9?
46850
Convert 13524 (base 10) to base 8.
32324
177 (base 14) to base 3
102011
What is -125a (base 15) in base 14?
-15d4
What is a273 (base 11) in base 12?
7a80
What is 733 (base 14) in base 11?
1079
What is 515232 (base 6) in base 9?
62642
-92b (base 16) to base 10
-2347
841 (base 14) to base 2
11001011001
4541 (base 7) to base 9
2228
Convert 1277 (base 14) to base 7.
12310
Convert 36357 (base 9) to base 14.
8c36
Convert c13e (base 15) to base 6.
512452
Convert 3125 (base 7) to base 2.
10001001001
What is -134422 (base 5) in base 15?
-19e2
Convert -352 (base 15) to base 11.
-624
Convert a2f8 (base 16) to base 8.
121370
What is 23910 (base 10) in base 5?
1231120
Convert 937d (base 14) to base 12.
12843
What is -111110111 (base 2) in base 9?
-618
Convert 3534 (base 6) to base 8.
1522
What is -1999 (base 12) in base 4?
-301011
-10065 (base 7) to base 15
-ad3
-2569 (base 14) to base 15
-1e26
Convert 153 (base 14) to base 9.
328
What is 4542 (base 13) in base 4?
2113113
What is -3331 (base 6) in base 7?
-2155
Convert 403444 (base 6) to base 13.
116b9
Convert -223001 (base 4) to base 12.
-1715
Convert -34406 (base 7) to base 11.
-665a
What is -1390 (base 11) in base 14?
-921
What is -13b1 (base 16) in base 14?
-1ba1
What is -1101423 (base 5) in base 16?
-4a2c
-362 (base 10) to base 5
-2422
211210000 (base 3) to base 16
40dd
What is 22021 (base 3) in base 12?
167
Convert 6925 (base 16) to base 15.
7e97
What is -340 (base 14) in base 8?
-1204
What is 23021002 (base 4) in base 2?
1011001001000010
-805a (base 15) to base 14
-9c29
What is -466 (base 9) in base 3?
-112020
3330 (base 5) to base 12
329
-3405 (base 6) to base 13
-494
Convert 4612 (base 7) to base 12.
b77
-3d97 (base 15) to base 11
-9a03
What is -40 (base 7) in base 5?
-103
Convert -2c45 (base 13) to base 9.
-8788
-24c (base 13) to base 5
-3102
Convert -3620a (base 11) to base 14.
-1501b
Convert -203 (base 14) to base 16.
-18b
What is -66 (base 13) in base 4?
-1110
Convert -233033 (base 4) to base 10.
-3023
What is -2247 (base 12) in base 11?
-2944
535204 (base 6) to base 2
1010101110010100
101131 (base 4) to base 2
10001011101
What is -23352 (base 8) in base 12?
-5922
Convert 23 (base 4) to base 2.
1011
Convert -300222 (base 5) to base 15.
-2be2
Convert 24a7 (base 11) to base 7.
12341
What is 214414 (base 5) in base 3?
101021012
Convert 3192 (base 11) to base 10.
4215
71236 (base 8) to base 2
111001010011110
Convert c0 (base 15) to base 6.
500
Convert 1462 (base 14) to base 16.
e1e
What is 1a73 (base 12) in base 13?
1635
Convert -d63e (base 16) to base 8.
-153076
Convert -12334 (base 6) to base 11.
-143a
Convert -1c9 (base 13) to base 3.
-110101
4732 (base 13) to base 10
10012
4445 (base 8) to base 7
6553
Convert 1041b (base 12) to base 4.
11031113
-304 (base 13) to base 14
-287
What is -1713 (base 8) in base 6?
-4255
-1a48 (base 13) to base 14
-161d
18 (base 15) to base 2
10111
-20453 (base 7) to base 13
-23a5
Convert -da (base 16) to base 2.
-11011010
Convert 2954 (base 11) to base 12.
2256
34891 (base 11) to base 10
50315
What is 3312311 (base 4) in base 3?
210200002
-4314 (base 6) to base 14
-502
Convert -86 (base 9) to base 15.
-53
Convert 11202 (base 3) to base 16.
80
What is 300 (base 10) in base 5?
2200
What is 1191 (base 13) in base 3?
10102000
What is -129 (base 15) in base 10?
-264
Convert -2250 (base 7) to base 16.
-333
Convert -6871 (base 16) to base 15.
-7dc7
Convert -424132 (base 5) to base 11.
-a813
What is 1310 (base 8) in base 7?
2035
Convert 463 (base 8) to base 11.
25a
What is 10122 (base 5) in base 6?
3022
1105 (base 7) to base 14
205
What is -10101110000 (base 2) in base 9?
-1816
Convert 14444 (base 5) to base 9.
1637
Convert 16203 (base 7) to base 5.
121220
Convert -11196 (base 10) to base 6.
-123500
-44334 (base 6) to base 10
-6178
Convert 464 (base 14) to base 10.
872
-33042 (base 6) to base 4
-1013102
-34163 (base 7) to base 2
-10000111011101
343011 (base 5) to base 16
2fe0
What is -e21c (base 15) in base 5?
-3011402
264 (base 11) to base 8
470
-317 (base 9) to base 6
-1111
Convert 100001100100 (base 2) to base 6.
13540
What is -1144d (base 14) in base 3?
-2010122001
Convert 110111001 (base 2) to base 14.
237
Convert -1202211122 (base 3) to base 5.
-2103444
13205 (base 7) to base 4
313031
What is -384 (base 14) in base 13?
-422
Convert -3120122 (base 4) to base 9.
-20888
4a2e (base 16) to base 7
106236
Convert 18c2 (base 13) to base 7.
13544
What is 10221022 (base 3) in base 2?
101100110110
21113 (base 4) to base 16
257
Convert -10135 (base 14) to base 16.
-9703
What is 4305 (base 6) in base 4?
33101
713 (base 9) to base 10
579
-14b (base 13) to base 5
-1412
-22114 (base 5) to base 3
-2002211
Convert -88b (base 15) to base 14.
-9bd
Convert 2899 (base 10) to base 16.
b53
214030 (base 5) to base 4
1303132
Convert -1101000111010 (base 2) to base 8.
-15072
What is 79 (base 12) in base 10?
93
-730 (base 12) to base 2
-10000010100
What is 354212 (base 6) in base 8?
74040
Convert -11010101 (base 2) to base 16.
-d5
12110120 (base 3) to base 5
111414
What is 14227 (base 8) in base 14?
2419
What is -1cb (base 13) in base 10?
-336
Convert 1105 (base 13) to base 8.
4503
Convert -2314100 (base 5) to base 9.
-63266
Convert 27420 (base 8) to base 2.
10111100010000
Convert 111111010010011 (base 2) to base 4.
13322103
What is 5365 (base 7) in base 8?
3565
Convert 479 (base 12) to base 10.
669
-20c (base 16) to base 6
-2232
What is 2b9 (base 12) in base 8?
655
What is 1101 (base 8) in base 7?
1453
Convert -25df (base 16) to base 13.
-454a
What is 462 (base 7) in base 15?
110
Convert -3b9 (base 13) to base 7.
-1631
What is -1100111111101100 (base 2) in base 7?
-311120
Convert bc9a (base 13) to base 11.
1885a
What is -348 (base 12) in base 13?
-2b7
46c5 (base 13) to base 6
114043
Convert -5114 (base 8) to base 11.
-1a87
Convert -1425 (base 14) to base 7.
-13245
-10000000100 (base 2) to base 14
-536
What is 10101111 (base 2) in base 6?
451
What is -73b5 (base 15) in base 7?
-131225
What is -1022102120 (base 3) in base 16?
-64e3
Convert -b727 (base 16) to base 11.
-32255
Convert 2923 (base 11) to base 9.
5155
-16126 (base 11) to base 9
-34216
-3243 (base 6) to base 11
-61a
Convert 141 (base 15) to base 3.
101121
What is 21523 (base 6) in base 3?
11010020
What is c03 (base 13) in base 16?
7ef
What is -101324 (base 5) in base 6?
-23243
Convert -1210 (base 3) to base 10.
-48
Convert -36402 (base 7) to base 4.
-2103303
-1053303 (base 6) to base 7
-313062
What is 174 (base 9) in base 6?
404
Convert -426 (base 11) to base 8.
-1000
What is 10014 (base 5) in base 15?
2c4
-212144 (base 5) to base 12
-419a
35 (base 10) to base 9
38
What is 31520 (base 6) in base 12?
25a0
What is 22302 (base 5) in base 7?
4412
What is -21592 (base 12) in base 8?
-125776
Convert -555 (base 10) to base 14.
-2b9
Convert 1d8 (base 16) to base 12.
334
What is 10100010010 (base 2) in base 16?
512
Convert 4463 (base 9) to base 14.
12b7
-1a45 (base 16) to base 4
-1221011
-ad7 (base 15) to base 2
-100110010100
14735 (base 9) to base 12
59b8
Convert -8236 (base 9) to base 14.
-22a7
What is -1101111101000 (base 2) in base 7?
-26554
258 (base 13) to base 12
2a3
What is -2361 (base 9) in base 12?
-1024
What is aa (base 13) in base 8?
214
What is 192a (base 13) in base 11?
2903
Convert 12545 (base 7) to base 4.
310211
What is -8466 (base 11) in base 8?
-25704
Convert -1142 (base 11) to base 12.
-a4a
Convert -1357 (base 10) to base 9.
-1767
Convert 3021 (base 6) to base 7.
1633
What is 3040 (base 5) in base 15?
1b5
-2a70 (base 13) to base 15
-1c6a
What is 1221001121 (base 3) in base 10?
37951
132323 (base 4) to base 2
11110111011
-200040 (base 5) to base 14
-23dc
What is 1103503 (base 6) in base 15?
11593
What is 5486 (base 15) in base 9?
26500
Convert -2b6a (base 15) to base 10.
-9325
-1201202 (base 3) to base 5
-